{"id":266,"date":"2019-09-18T09:25:46","date_gmt":"2019-09-18T09:25:46","guid":{"rendered":"http:\/\/sociale.catrianerone.pu.it\/?page_id=266"},"modified":"2024-01-24T12:45:02","modified_gmt":"2024-01-24T12:45:02","slug":"assistenti-sociali-2","status":"publish","type":"page","link":"https:\/\/sociale.catrianerone.pu.it\/?page_id=266","title":{"rendered":"Assistenti Sociali"},"content":{"rendered":"<div id=\"pl-266\"  class=\"panel-layout\" ><div id=\"pg-266-0\"  class=\"panel-grid panel-no-style\" ><div id=\"pgc-266-0-0\"  class=\"panel-grid-cell\" ><div id=\"panel-266-0-0-0\" class=\"so-panel widget widget_media_image panel-first-child\" data-index=\"0\" ><img width=\"1000\" height=\"563\" src=\"https:\/\/sociale.catrianerone.pu.it\/wp-content\/uploads\/2022\/11\/assistente-sociale-chi-e-2.jpg\" class=\"image wp-image-1075  attachment-full size-full\" alt=\"\" decoding=\"async\" style=\"max-width: 100%; height: auto;\" srcset=\"https:\/\/sociale.catrianerone.pu.it\/wp-content\/uploads\/2022\/11\/assistente-sociale-chi-e-2.jpg 1000w, https:\/\/sociale.catrianerone.pu.it\/wp-content\/uploads\/2022\/11\/assistente-sociale-chi-e-2-300x169.jpg 300w, https:\/\/sociale.catrianerone.pu.it\/wp-content\/uploads\/2022\/11\/assistente-sociale-chi-e-2-768x432.jpg 768w\" sizes=\"(max-width: 1000px) 100vw, 1000px\" \/><\/div><div id=\"panel-266-0-0-1\" class=\"so-panel widget widget_sow-editor panel-last-child\" data-index=\"1\" ><div\n\t\t\t\n\t\t\tclass=\"so-widget-sow-editor so-widget-sow-editor-base\"\n\t\t\t\n\t\t>\n<div class=\"siteorigin-widget-tinymce textwidget\">\n\t<div>\n<p><strong>Le Assistenti Sociali dell'Ambito n. 3 svolgono attivit\u00e0 di Servizio Sociale Professionale gestito in forma associata per conto dei Comuni titolari della competenza.<\/strong><\/p>\n<p>Tale attivit\u00e0 \u00e8 svolta a favore dei cittadini residenti nei Comuni dell'Ambito Sociale n.3, compresi stranieri e apolidi, anche su segnalazione dell'autorit\u00e0 giudiziaria, con lo scopo di prevenire ed affrontare situazioni di bisogno o di disagio e di promuovere ogni iniziativa atta a ridurre i rischi di emarginazione.<\/p>\n<p>Il Servizio Sociale Professionale opera nel rispetto della autodeterminazione delle persone, ponendole al centro di ogni intervento.<br \/>\nFonda il proprio operato sui valori di dignit\u00e0 e unicit\u00e0 degli individui, accogliendone le domande ed i bisogni senza discriminazione alcuna.<br \/>\nL'attivit\u00e0 \u00e8 svolta in stretta collaborazione con i responsabili degli Uffici Servizi Sociali dei Comuni di Acqualagna, Apecchio, Cagli, Cantiano, Piobbico, Frontone e Serra S. Abbondio e con gli operatori del Consultorio Familiare del Distretto Sanitario di Cagli.<\/p>\n<p><strong>Attivit\u00e0<\/strong><\/p>\n<ul>\n<li>Segretariato sociale<\/li>\n<li>Progettazione e attivazione di interventi volti alla tutela psicofisica e sociale degli individui e all'integrazione sociale<\/li>\n<li>Interventi di orientamento e consulenza sulle problematiche familiari;<\/li>\n<li>Presa in carico e gestione delle situazioni familiari problematiche<\/li>\n<li>Collegamento con i servizi presenti sul territorio per favorire l'integrazione degli interventi<\/li>\n<li>Osservazione, valutazione e vigilanza per la tutela sociale di minori e adulti<\/li>\n<li>Interventi di collaborazione con l'USSM nell'ambito di progetti di messa alla prova;<\/li>\n<li>Interventi in materia di affidamento familiare;<\/li>\n<li>Interventi in materia di adozione;<\/li>\n<li>Svolgimento del mandato di autorit\u00e0, trasmesso dal Tribunale per i Minorenni, per l'esecutivit\u00e0 del Decreto (adozioni, affidi, dichiarazione per lo stato di adottabilit\u00e0 del minore, altri interventi tutelanti il minore)<\/li>\n<li>Valorizzazione delle reti sociali;<\/li>\n<\/ul>\n<p><strong>Assistenti Sociali:<\/strong><\/p>\n<ul>\n<li><strong>Mara Pecorelli<\/strong><\/li>\n<li><strong>Daniela Ragnetti<\/strong><\/li>\n<li><strong>Samira Carola Amantini<\/strong><\/li>\n<li><strong>Gloria Mei<\/strong><\/li>\n<\/ul>\n<p>Tel e fax 0721\/781088 Risp. Automatico<span id=\"cloak49910\"><\/span><\/p>\n<p>Giorni: dal luned\u00ec al venerd\u00ec dalle ore 9.00 alle ore 13.00<\/p>\n<p>Sede:<\/p>\n<p><strong>Unione Montana del Catria e Nerone - Servizi Sociali<\/strong><br \/>\n<strong>Via Lapis, 10 - 61043 CAGLI (PU)<\/strong><\/p>\n<\/div>\n<p><!-- {\"type\":\"layout\",\"children\":[{\"type\":\"section\",\"props\":{\"style\":\"default\",\"width\":\"default\",\"vertical_align\":\"middle\",\"title_position\":\"top-left\",\"title_rotation\":\"left\",\"title_breakpoint\":\"xl\",\"image_position\":\"center-center\",\"text_color\":\"\",\"width_expand\":\"\",\"height\":\"\",\"padding\":\"\",\"header_transparent\":\"\",\"animation\":\"\"},\"children\":[{\"type\":\"row\",\"props\":{\"layout\":\"1-1\",\"breakpoint\":\"m\",\"fixed_width\":\"large\",\"gutter\":\"\",\"width\":\"\",\"width_expand\":\"\",\"height\":\"\",\"margin\":\"\"},\"children\":[{\"type\":\"column\",\"props\":{\"widths\":[\"1-1\"],\"image_position\":\"center-center\",\"media_overlay_gradient\":\"\",\"vertical_align\":\"\",\"style\":\"\",\"text_color\":\"\",\"padding\":\"\"},\"children\":[{\"type\":\"image\",\"props\":{\"margin\":\"default\",\"image_svg_color\":\"emphasis\",\"link_target\":\"\",\"image_border\":\"\",\"image_box_shadow\":\"\",\"image_hover_box_shadow\":\"\",\"image_box_decoration\":\"\",\"position\":\"\",\"position_z_index\":\"\",\"maxwidth\":\"\",\"maxwidth_breakpoint\":\"\",\"block_align\":\"\",\"block_align_breakpoint\":\"\",\"block_align_fallback\":\"\",\"text_align\":\"\",\"text_align_breakpoint\":\"\",\"text_align_fallback\":\"\",\"animation\":\"\",\"visibility\":\"\",\"image\":\"wp-content\\\/uploads\\\/ASSISTENTI-SOCIALI.jpg\"}},{\"type\":\"headline\",\"props\":{\"title_element\":\"h1\",\"title_style\":\"\",\"title_decoration\":\"\",\"title_font_family\":\"\",\"title_color\":\"\",\"position\":\"\",\"position_z_index\":\"\",\"margin\":\"\",\"maxwidth\":\"\",\"maxwidth_breakpoint\":\"\",\"block_align\":\"\",\"block_align_breakpoint\":\"\",\"block_align_fallback\":\"\",\"text_align\":\"\",\"text_align_breakpoint\":\"\",\"text_align_fallback\":\"\",\"animation\":\"\",\"visibility\":\"\",\"content\":\"Assistenti Sociali\"}},{\"type\":\"text\",\"props\":{\"margin\":\"default\",\"column_breakpoint\":\"m\",\"text_style\":\"\",\"text_color\":\"\",\"text_size\":\"\",\"column\":\"\",\"position\":\"\",\"position_z_index\":\"\",\"maxwidth\":\"\",\"maxwidth_breakpoint\":\"\",\"block_align\":\"\",\"block_align_breakpoint\":\"\",\"block_align_fallback\":\"\",\"text_align\":\"\",\"text_align_breakpoint\":\"\",\"text_align_fallback\":\"\",\"animation\":\"\",\"visibility\":\"\",\"content\":\"\n\n<strong>Le Assistenti Sociali dell'Ambito n. 3 svolgono attivit\\u00e0 di Servizio Sociale Professionale gestito in forma associata per conto dei Comuni titolari della competenza.<\\\/strong><\\\/p>\\n\n\nTale attivit\\u00e0 \\u00e8 svolta a favore dei cittadini residenti nei Comuni dell'Ambito Sociale n.3, compresi stranieri e apolidi, anche su segnalazione dell'autorit\\u00e0 giudiziaria, con lo scopo di prevenire ed affrontare situazioni di bisogno o di disagio e di promuovere ogni iniziativa atta a ridurre i rischi di emarginazione.\\u00a0<\\\/p>\\n\n\nIl Servizio Sociale Professionale opera nel rispetto della autodeterminazione delle persone, ponendole al centro di ogni intervento. <br \\\/>Fonda il proprio operato sui valori di dignit\\u00e0 e unicit\\u00e0 degli individui, accogliendone le domande ed i bisogni senza discriminazione alcuna. <br \\\/>L'attivit\\u00e0 \\u00e8 svolta in stretta collaborazione con i responsabili degli Uffici Servizi Sociali dei Comuni di Acqualagna, Apecchio, Cagli, Cantiano, Piobbico, Frontone e Serra S. Abbondio e con gli operatori del Consultorio Familiare del Distretto Sanitario di Cagli<\\\/p>\\n\n\nAttivit\\u00e0<\\\/p>\\n\n\n\n\n\n<ul>\\n\n \t\n\n\n\n<li>Segretariato sociale<\\\/li>\\n<\/li>\n\n\n\n\n \t\n\n\n\n<li>Progettazione e attivazione di interventi volti alla tutela psicofisica e sociale degli individui e all'integrazione sociale<\\\/li>\\n<\/li>\n\n\n\n\n \t\n\n\n\n<li>Interventi di orientamento e consulenza sulle problematiche familiari;<\\\/li>\\n<\/li>\n\n\n\n\n \t\n\n\n\n<li>Presa in carico e gestione delle situazioni familiari problematiche<\\\/li>\\n<\/li>\n\n\n\n\n \t\n\n\n\n<li>Collegamento con i servizi presenti sul territorio per favorire l'integrazione degli interventi<\\\/li>\\n<\/li>\n\n\n\n\n \t\n\n\n\n<li>Osservazione, valutazione e vigilanza per la tutela sociale di minori e adulti<\\\/li>\\n<\/li>\n\n\n\n\n \t\n\n\n\n<li>Interventi di collaborazione con l'USSM nell'ambito di progetti di messa alla prova;<\\\/li>\\n<\/li>\n\n\n\n\n \t\n\n\n\n<li>Interventi in materia di affidamento familiare;<\\\/li>\\n<\/li>\n\n\n\n\n \t\n\n\n\n<li>Interventi in materia di adozione;<\\\/li>\\n<\/li>\n\n\n\n\n \t\n\n\n\n<li>Svolgimento del mandato di autorit\\u00e0, trasmesso dal Tribunale per i Minorenni, per l'esecutivit\\u00e0 del Decreto (adozioni, affidi, dichiarazione per lo stato di adottabilit\\u00e0 del minore, altri interventi tutelanti il minore)<\\\/li>\\n<\/li>\n\n\n\n\n \t\n\n\n\n<li>Valorizzazione delle reti sociali;<\\\/li>\\n<\\\/ul>\\nAssistenti Sociali:<\\\/p>\\n\n\n\n\n\n<ul>\\n\n \t\n\n\n\n<li>Antonina Iannolo<\\\/li>\\n<\/li>\n\n\n\n\n \t\n\n\n\n<li>Mara Pecorelli<\\\/li>\\n<\/li>\n\n\n\n\n \t\n\n\n\n<li>Liuba Bzovaia<\\\/li>\\n<\\\/ul>\\nTel e fax 0721\\\/781088\\u00a0<span id=\\\"cloak49910\\\"><\\\/span><\\\/p>\\nGiorni: dal luned\\u00ec al venerd\\u00ec dalle ore 9.00 alle ore 13.00<br \\\/><br \\\/>Sede: Unione Montana del Catria e Nerone - Servizi Sociali<br \\\/>Via Lapis, 10 - 61043 CAGLI (PU)<\\\/p>\"}}]}]}]}],\"version\":\"1.21.10\",\"props\":[]} --><\/span><\/li>\n<\/ul>\n<\/li>\n<\/ul>\n<p><\/strong><\/p>\n<p>&nbsp;<\/p>\n<p>&nbsp;<\/p>\n<\/div>\n<\/div><\/div><\/div><\/div><\/div>","protected":false},"excerpt":{"rendered":"<p>Le Assistenti Sociali dell&#8217;Ambito n. 3 svolgono attivit\u00e0 di Servizio Sociale Professionale gestito in forma associata per conto dei Comuni titolari della competenza. Tale attivit\u00e0 &#8230; <\/p>\n","protected":false},"author":2,"featured_media":0,"parent":0,"menu_order":0,"comment_status":"closed","ping_status":"closed","template":"","meta":{"footnotes":""},"yoast_head":"<!-- This site is optimized with the Yoast SEO plugin v22.6 - https:\/\/yoast.com\/wordpress\/plugins\/seo\/ -->\r\n<title>Assistenti Sociali - Ambito Sociale 3<\/title>\r\n<meta name=\"robots\" content=\"index, follow, max-snippet:-1, max-image-preview:large, max-video-preview:-1\" \/>\r\n<link rel=\"canonical\" href=\"https:\/\/sociale.catrianerone.pu.it\/?page_id=266\" \/>\r\n<meta property=\"og:locale\" content=\"it_IT\" \/>\r\n<meta property=\"og:type\" content=\"article\" \/>\r\n<meta property=\"og:title\" content=\"Assistenti Sociali - Ambito Sociale 3\" \/>\r\n<meta property=\"og:description\" content=\"Le Assistenti Sociali dell&#039;Ambito n. 3 svolgono attivit\u00e0 di Servizio Sociale Professionale gestito in forma associata per conto dei Comuni titolari della competenza. Tale attivit\u00e0 ...\" \/>\r\n<meta property=\"og:url\" content=\"https:\/\/sociale.catrianerone.pu.it\/?page_id=266\" \/>\r\n<meta property=\"og:site_name\" content=\"Ambito Sociale 3\" \/>\r\n<meta property=\"article:publisher\" content=\"https:\/\/www.facebook.com\/profile.php?id=100064800606320\" \/>\r\n<meta property=\"article:modified_time\" content=\"2024-01-24T12:45:02+00:00\" \/>\r\n<meta name=\"twitter:card\" content=\"summary_large_image\" \/>\r\n<meta name=\"twitter:label1\" content=\"Tempo di lettura stimato\" \/>\n\t<meta name=\"twitter:data1\" content=\"2 minuti\" \/>\r\n<script type=\"application\/ld+json\" class=\"yoast-schema-graph\">{\"@context\":\"https:\/\/schema.org\",\"@graph\":[{\"@type\":\"WebPage\",\"@id\":\"https:\/\/sociale.catrianerone.pu.it\/?page_id=266\",\"url\":\"https:\/\/sociale.catrianerone.pu.it\/?page_id=266\",\"name\":\"Assistenti Sociali - Ambito Sociale 3\",\"isPartOf\":{\"@id\":\"https:\/\/sociale.catrianerone.pu.it\/#website\"},\"datePublished\":\"2019-09-18T09:25:46+00:00\",\"dateModified\":\"2024-01-24T12:45:02+00:00\",\"breadcrumb\":{\"@id\":\"https:\/\/sociale.catrianerone.pu.it\/?page_id=266#breadcrumb\"},\"inLanguage\":\"it-IT\",\"potentialAction\":[{\"@type\":\"ReadAction\",\"target\":[\"https:\/\/sociale.catrianerone.pu.it\/?page_id=266\"]}]},{\"@type\":\"BreadcrumbList\",\"@id\":\"https:\/\/sociale.catrianerone.pu.it\/?page_id=266#breadcrumb\",\"itemListElement\":[{\"@type\":\"ListItem\",\"position\":1,\"name\":\"Home\",\"item\":\"https:\/\/sociale.catrianerone.pu.it\/\"},{\"@type\":\"ListItem\",\"position\":2,\"name\":\"Assistenti Sociali\"}]},{\"@type\":\"WebSite\",\"@id\":\"https:\/\/sociale.catrianerone.pu.it\/#website\",\"url\":\"https:\/\/sociale.catrianerone.pu.it\/\",\"name\":\"Ambito Sociale 3\",\"description\":\"Sito dei Servizi Sociali dell&#039;Unione Montana del Catria e Nerone\",\"publisher\":{\"@id\":\"https:\/\/sociale.catrianerone.pu.it\/#organization\"},\"potentialAction\":[{\"@type\":\"SearchAction\",\"target\":{\"@type\":\"EntryPoint\",\"urlTemplate\":\"https:\/\/sociale.catrianerone.pu.it\/?s={search_term_string}\"},\"query-input\":\"required name=search_term_string\"}],\"inLanguage\":\"it-IT\"},{\"@type\":\"Organization\",\"@id\":\"https:\/\/sociale.catrianerone.pu.it\/#organization\",\"name\":\"Ambito Sociale 3\",\"url\":\"https:\/\/sociale.catrianerone.pu.it\/\",\"logo\":{\"@type\":\"ImageObject\",\"inLanguage\":\"it-IT\",\"@id\":\"https:\/\/sociale.catrianerone.pu.it\/#\/schema\/logo\/image\/\",\"url\":\"https:\/\/sociale.catrianerone.pu.it\/wp-content\/uploads\/2022\/11\/logo-Ambito3.png\",\"contentUrl\":\"https:\/\/sociale.catrianerone.pu.it\/wp-content\/uploads\/2022\/11\/logo-Ambito3.png\",\"width\":483,\"height\":149,\"caption\":\"Ambito Sociale 3\"},\"image\":{\"@id\":\"https:\/\/sociale.catrianerone.pu.it\/#\/schema\/logo\/image\/\"},\"sameAs\":[\"https:\/\/www.facebook.com\/profile.php?id=100064800606320\"]}]}<\/script>\r\n<!-- \/ Yoast SEO plugin. -->","yoast_head_json":{"title":"Assistenti Sociali - Ambito Sociale 3","robots":{"index":"index","follow":"follow","max-snippet":"max-snippet:-1","max-image-preview":"max-image-preview:large","max-video-preview":"max-video-preview:-1"},"canonical":"https:\/\/sociale.catrianerone.pu.it\/?page_id=266","og_locale":"it_IT","og_type":"article","og_title":"Assistenti Sociali - Ambito Sociale 3","og_description":"Le Assistenti Sociali dell'Ambito n. 3 svolgono attivit\u00e0 di Servizio Sociale Professionale gestito in forma associata per conto dei Comuni titolari della competenza. Tale attivit\u00e0 ...","og_url":"https:\/\/sociale.catrianerone.pu.it\/?page_id=266","og_site_name":"Ambito Sociale 3","article_publisher":"https:\/\/www.facebook.com\/profile.php?id=100064800606320","article_modified_time":"2024-01-24T12:45:02+00:00","twitter_card":"summary_large_image","twitter_misc":{"Tempo di lettura stimato":"2 minuti"},"schema":{"@context":"https:\/\/schema.org","@graph":[{"@type":"WebPage","@id":"https:\/\/sociale.catrianerone.pu.it\/?page_id=266","url":"https:\/\/sociale.catrianerone.pu.it\/?page_id=266","name":"Assistenti Sociali - Ambito Sociale 3","isPartOf":{"@id":"https:\/\/sociale.catrianerone.pu.it\/#website"},"datePublished":"2019-09-18T09:25:46+00:00","dateModified":"2024-01-24T12:45:02+00:00","breadcrumb":{"@id":"https:\/\/sociale.catrianerone.pu.it\/?page_id=266#breadcrumb"},"inLanguage":"it-IT","potentialAction":[{"@type":"ReadAction","target":["https:\/\/sociale.catrianerone.pu.it\/?page_id=266"]}]},{"@type":"BreadcrumbList","@id":"https:\/\/sociale.catrianerone.pu.it\/?page_id=266#breadcrumb","itemListElement":[{"@type":"ListItem","position":1,"name":"Home","item":"https:\/\/sociale.catrianerone.pu.it\/"},{"@type":"ListItem","position":2,"name":"Assistenti Sociali"}]},{"@type":"WebSite","@id":"https:\/\/sociale.catrianerone.pu.it\/#website","url":"https:\/\/sociale.catrianerone.pu.it\/","name":"Ambito Sociale 3","description":"Sito dei Servizi Sociali dell&#039;Unione Montana del Catria e Nerone","publisher":{"@id":"https:\/\/sociale.catrianerone.pu.it\/#organization"},"potentialAction":[{"@type":"SearchAction","target":{"@type":"EntryPoint","urlTemplate":"https:\/\/sociale.catrianerone.pu.it\/?s={search_term_string}"},"query-input":"required name=search_term_string"}],"inLanguage":"it-IT"},{"@type":"Organization","@id":"https:\/\/sociale.catrianerone.pu.it\/#organization","name":"Ambito Sociale 3","url":"https:\/\/sociale.catrianerone.pu.it\/","logo":{"@type":"ImageObject","inLanguage":"it-IT","@id":"https:\/\/sociale.catrianerone.pu.it\/#\/schema\/logo\/image\/","url":"https:\/\/sociale.catrianerone.pu.it\/wp-content\/uploads\/2022\/11\/logo-Ambito3.png","contentUrl":"https:\/\/sociale.catrianerone.pu.it\/wp-content\/uploads\/2022\/11\/logo-Ambito3.png","width":483,"height":149,"caption":"Ambito Sociale 3"},"image":{"@id":"https:\/\/sociale.catrianerone.pu.it\/#\/schema\/logo\/image\/"},"sameAs":["https:\/\/www.facebook.com\/profile.php?id=100064800606320"]}]}},"_links":{"self":[{"href":"https:\/\/sociale.catrianerone.pu.it\/index.php?rest_route=\/wp\/v2\/pages\/266"}],"collection":[{"href":"https:\/\/sociale.catrianerone.pu.it\/index.php?rest_route=\/wp\/v2\/pages"}],"about":[{"href":"https:\/\/sociale.catrianerone.pu.it\/index.php?rest_route=\/wp\/v2\/types\/page"}],"author":[{"embeddable":true,"href":"https:\/\/sociale.catrianerone.pu.it\/index.php?rest_route=\/wp\/v2\/users\/2"}],"replies":[{"embeddable":true,"href":"https:\/\/sociale.catrianerone.pu.it\/index.php?rest_route=%2Fwp%2Fv2%2Fcomments&post=266"}],"version-history":[{"count":7,"href":"https:\/\/sociale.catrianerone.pu.it\/index.php?rest_route=\/wp\/v2\/pages\/266\/revisions"}],"predecessor-version":[{"id":1307,"href":"https:\/\/sociale.catrianerone.pu.it\/index.php?rest_route=\/wp\/v2\/pages\/266\/revisions\/1307"}],"wp:attachment":[{"href":"https:\/\/sociale.catrianerone.pu.it\/index.php?rest_route=%2Fwp%2Fv2%2Fmedia&parent=266"}],"curies":[{"name":"wp","href":"https:\/\/api.w.org\/{rel}","templated":true}]}}